 = 19 - h. Is y a composite number?
True
Let r = -125 + 286. Is r a composite number?
True
Suppose -1445 = 5*i + 5*u, i = 2*i - u + 279. Let m = -135 - i. Is m a prime number?
True
Let q be -7*(-2)/(0 - -2). Let x(s) = s - 3. Let h be x(q). Suppose -z = -h*n + 3, -z - 6*n + 25 = -3*n. Is z prime?
True
Let f(o) = -o**2 - o + 12. Let c be f(0). Is (-3)/c + 18/8 composite?
False
Let d = 9 + -5. Suppose 5 = a, -111 = -2*i + 3*a - d*a. Is i a composite number?
False
Let p be (-20)/2*(-3)/6. Let x(y) = 27*y - 4. Is x(p) a composite number?
False
Suppose -4*r + 33 - 1 = 4*b, 0 = -3*b + 2*r + 4. Is (1143/18)/(2/b) prime?
True
Suppose 3*a - 2*a = -r + 1, -3*a + 15 = -r. Let z(f) = -9*f**3 + 2*f**2 + 2*f - 2. Is z(r) a composite number?
True
Is (-11)/(55/(-1080)) - 5 a prime number?
True
Let q(s) = 0 - 2*s + 33*s**2 + 2 + 1. Is q(2) a composite number?
False
Let s = 59 + -22. Is s a prime number?
True
Let s(f) = 287*f - 1. Is s(2) prime?
False
Suppose -9*r + 2105 + 154 = 0. Is r composite?
False
Let s(v) = 631*v + 5. Is s(2) prime?
False
Is (2/2)/((-2)/(-282)) prime?
False
Suppose -5*c - i - 23 = 13, 5*c + 33 = 2*i. Let q be -2*15/3*c. Suppose 2*b - q = -0*b. Is b a composite number?
True
Suppose -n = n + 204. Let v = n - -199. Is v a prime number?
True
Suppose 3*v - 6 = -4*r - 0*r, 4*v - 21 = -r. Suppose -c = -v*c + 3405. Is c composite?
True
Let q be -1 - (1*12 + -3). Is 620/8*(-8)/q a prime number?
False
Let c = 4 + -5. Is c + ((-76)/(-1) - -2) a composite number?
True
Let r(j) = -4 + 0 + 11*j - 10*j. Is r(6) prime?
True
Suppose -2*h = -5*o - h + 11, 4*o = -5*h + 3. Let z = o + 32. Is z a composite number?
True
Let v be 1/(-2) - 6/(-12). Suppose l + 0*l + 159 = v. Let o = -90 - l. Is o a prime number?
False
Is 88 + -3 - (1 + 1) prime?
True
Let q(l) = 21*l**2 - 4*l - 3. Let i be q(-2). Suppose -213 = -4*p - i. Is p prime?
True
Is ((-5)/15)/((-4)/828) a composite number?
True
Let t(g) = -3 - 4*g**2 - g**3 - 3*g**2 - 5 - 2*g. Let f be t(-7). Is (2/f)/((-8)/(-552)) composite?
False
Let l = -300 + 503. Is l composite?
True
Suppose 2*g = 5*g - 3453. Is g a composite number?
False
Let h(d) = -27*d - 4. Suppose -3*a = -4*m + 2, 15 = 5*a - 5*m + 2*m. Let u(w) = w - 9. Let f be u(a). Is h(f) composite?
True
Suppose 0*v - 3*v = -237. Is v prime?
True
Suppose y = -0*y + 9. Let d be (-3)/y + (-48)/(-9). Suppose 2*l + d*w - 206 = -61, -3*l + 4*w = -275. Is l composite?
True
Suppose -5*j - 2*b = -15, b + 31 = 5*j + 1. Suppose f - 30 = j*m + 82, m - 94 = -f. Is f composite?
False
Let h = 202 - -39. Let n = h + -158. Is n a prime number?
True
Suppose 6 = t + 1. Let b = -111 + 123. Suppose t*f - b = 33. Is f a prime number?
False
Let h(w) = -w + 6. Let l be h(6). Let j(x) = -3*x - 44. Let b be j(-16). Let p = l + b. Is p a prime number?
False
Suppose -240 = 4*s + 2*d, -s + 2*s + 78 = 4*d. Is (s/(-4))/(4/8) composite?
False
Is (-115703)/(-49) - (-4)/(-14) a prime number?
False
Let s(q) = -q + 7. Let d be s(9). Is 676 + 12/(d - 2) prime?
True
Let v(u) = -124*u - 43. Is v(-14) composite?
False
Suppose 2*g - g - 43 = -5*w, -4*w + 5*g + 46 = 0. Let h = 6 + w. Is h a composite number?
True
Let k(o) = 2*o + 4. Let b be k(-3). Is (b - -1)/((-4)/356) a prime number?
True
Let k be 3 + (-7 - (-5 + 2)). Suppose 5*g + 19 = -41. Let u = k - g. Is u a prime number?
True
Suppose k - 169 - 333 = 0. Let d = k + -167. Is d a prime number?
False
Let t(w) = 20*w**3 + 4*w**2 + 5*w - 3. Is t(4) composite?
False
Suppose 3*h - 16 = -h + 4*f, 3*h - f = 8. Suppose -o = -5*p - 3*o + 5, -o + 2 = h*p. Is (690/18)/(p/3) prime?
False
Let a(g) = -2*g**2 + g + 2. Let d be a(2). Let v(m) = -m**2 - m - 1. Let s be v(0). Is s/d + (-278)/(-8) a prime number?
False
Let t(g) = 414*g + 1. Let d be t(1). Suppose -3*z + d = 5*k, 2*k + 5*z - 101 = 65. Let r = k + -46. Is r a composite number?
False
Suppose 10745 = 5*c + 2*c. Is c composite?
True
Let x(j) = j**2 + j. Let s be x(2). Suppose -590 = -s*l + 4*l. Is l a prime number?
False
Is -1 + -1 + 148 + 4/(-4) prime?
False
Suppose -3*u = -0*u - 255. Is u a composite number?
True
Let v(m) = m**2 + 114. Let g be v(0). Let u = g + -79. Is u a prime number?
False
Let y(g) = 143*g**3 - 6*g**2 - 5*g + 1. Let u(v) = v**3 + v**2 + v. Let i(d) = -6*u(d) - y(d). Is i(-1) a composite number?
False
Let v be (1 + -6)*(-312)/10. Suppose -53 = 3*l - 2*p - v, -l - 3*p = -16. Is l composite?
False
Suppose 4*w = -0*w - 8. Let m be (w/3)/(8/(-12)). Is 32*m - (1 - 0) a prime number?
True
Let i = -24 - -18. Let q(t) = -t**3 + 5*t**2 - 2*t - 3. Let w be q(5). Let y = i - w. Is y a prime number?
True
Let q(y) = 89*y - 4. Is q(9) prime?
True
Let p(v) = 1. Suppose -2*a + 6 = 2*f, -11 = -2*f + 3*a - 0*a. Let g(x) = x - 2. Let r(m) = f*g(m) + 11*p(m). Is r(13) prime?
False
Let q = 8 - 8. Suppose -5*w + 2*f + 588 = 0, -4*w + 2*f + 3*f + 467 = q. Is w a composite number?
True
Let s = -127 - -204. Is s a composite number?
True
Suppose 0 = 18*l - 7*l - 15389. Is l a prime number?
True
Suppose 0 = -5*a + 67 + 28. Is (a/2)/(3/6) a prime number?
True
Let g = -4658 + 6541. Is g a prime number?
False
Let l(o) = -o**3 - 5*o**2 - 3*o + 4. Let t be l(-4). Suppose t*f = f - 2. Is (-12 - 1)/(f/(-14)) a composite number?
True
Suppose -d + 2*g - 40 = -3*d, 4*d - 80 = -g. Suppose i + 34 = 6*i + o, -5*o + d = 0. Is i a composite number?
True
Let c(x) = 4*x**3 + 1. Let l be c(1). Let h = l - 4. Let n(d) = 111*d**3 - d**2 + 2*d - 1. Is n(h) prime?
False
Let g = -2664 - -4317. Suppose -4*u = -u - g. Is u prime?
False
Let t be (-9)/(-2) + (-1)/2. Suppose t*s - 2*s = 134. Is s prime?
True
Suppose 4*s + 0*m + m = 19743, 4*s - 19723 = -5*m. Is s prime?
True
Let a(i) = -7*i**3 + 7*i**2 + 6*i - 9. Let n(f) = -6*f**3 + 6*f**2 + 5*f - 9. Let b(k) = 5*a(k) - 6*n(k). Let t = 5 + -5. Is b(t) a composite number?
True
Let r = 160 + 843. Is r a prime number?
False
Suppose o = 5*n + 80, -7*o + 10*o = -3*n + 150. Is o prime?
False
Let h be (-2)/4 - (-6)/4. Let n be (-1 + 4)*h/1. Suppose n*s = 160 + 95. Is s a composite number?
True
Suppose -502 + 3730 = 12*t. Is t a prime number?
True
Let j = -266 + 763. Is j composite?
True
Let u be 2*3/12*18. Suppose -94 = -5*k - u. Suppose 0 = -5*p + k - 2. Is p a composite number?
False
Suppose 2*y = -0*x - 3*x - 15, y = x - 5. Is -66*(20/y - -3) composite?
True
Suppose -2*f + 17 = -5*x, -5*f - 14 = 3*x + 21. Let c be (-550)/(-8) - (-3)/f. Let h = c + -31. Is h prime?
True
Let m(q) = -103*q - 5. Is m(-4) prime?
False
Let j be (6/(-4) - -1)*0. Let z be (1 - j)/(2/10). Suppose 10*k = z*k + 125. Is k a composite number?
True
Let d be (-413)/(-28) - (-3)/(-4). Is 4/(-14) - (-4694)/d a prime number?
False
Let y = 138 + -252. Let v(x) = -167*x. Let p be v(-1). Let i = y + p. Is i a composite number?
False
Let h(t) = 2*t**2 - 5*t + 2. Let y be (-22)/(-6) + (-6)/9. Let l be h(y). Suppose -108 - l = -x. Is x a prime number?
True
Let g = 627 - -212. Is g a prime number?
True
Let d = 1048 + -219. Is d a composite number?
False
Suppose -u + 2*u - s = 0, 0 = -3*u - 2*s + 20. Suppose -f + 32 = f + 4*l, 0 = 5*f - 4*l - 136. Is 33/u*f/9 prime?
False
Let j be ((-32)/10)/(4/(-30)). Let t = 179 + j. Is t a prime number?
False
Suppose -2*w + 15 = -r, 0 = -3*w - 5*r - 0*r - 10. Suppose 7*i - 5*k = 2*i + 245, w*k + 10 = 0. Is i a prime number?
True
Suppose 0 = 3*l - y - 10, 5*l - 4 - 14 = 3*y. Suppose -91 - 26 = -l*v. Is v composite?
True
Suppose -5*p - 3*a - 2*a = -3380, 0 = -3*p + 2*a + 2013. Is p a composite number?
False
Let h = 79 - 33. Let v = -9 + -18. Let b = h + v. Is b a prime number?
True
Suppose 0 = 3*l - 5*a + 228, l - 2*a + 76 = -1. Let f = l - -124. Is f a prime number?
True
Let c(v) = v + 157. Let q(h) = -3*h - 472. Let y(b) = -11*c(b) - 4*q(b). Is y(0) prime?
False
Let t(x) = -228*x**2 + 2. Let j(c) = 342*c**2 - 3. Let g(a) = 5*j(a) + 7*t(a). Let k be g(1). Let o = -60 + k. Is o a prime number?
True
Let r = 15 - 11. Suppose -2*y + 0*y - 2*z = 118, -r*z + 20 = 0. Let j = y + 113. Is j a prime number?
False
Is (4*(-21)/(-28))/((-2)/(-694)) prime?
False
Suppose 0 = -4*q - n + 4490, -3*q + 3363 = -0*q + 3*n. Is q a prime number?
True
Let g(p) = p**2 - 6*p - 2. Let t be g(7). Suppose 0 = t*v + 43 - 598. Is v a prime number?
False
Suppose -2*a + 6 = 2*y, a = -3*a - y + 3. Let g(u) be the first